{"id":59428,"date":"2025-05-13T11:36:57","date_gmt":"2025-05-13T11:36:57","guid":{"rendered":"https:\/\/kraftfinans.no\/webbinarium-kraft-private-equity-2024-as\/"},"modified":"2025-11-11T11:54:07","modified_gmt":"2025-11-11T11:54:07","slug":"webbinarium-kraft-private-equity-2024-as","status":"publish","type":"page","link":"https:\/\/kraftfinans.no\/sv\/webbinarium-kraft-private-equity-2024-as\/","title":{"rendered":"Webbinarium &#8211; Kraft Private Equity 2024 AS"},"content":{"rendered":"\n<figure class=\"wp-block-image size-large\"><img fetchpriority=\"high\" decoding=\"async\" width=\"1024\" height=\"604\" src=\"https:\/\/kraftfinans.no\/wp-content\/uploads\/2025\/05\/Webinar-bilde-1024x604.png\" alt=\"Kraft Finans -\" class=\"wp-image-58769\" srcset=\"https:\/\/kraftfinans.no\/wp-content\/uploads\/2025\/05\/Webinar-bilde-1024x604.png 1024w, https:\/\/kraftfinans.no\/wp-content\/uploads\/2025\/05\/Webinar-bilde-300x177.png 300w, https:\/\/kraftfinans.no\/wp-content\/uploads\/2025\/05\/Webinar-bilde-768x453.png 768w, https:\/\/kraftfinans.no\/wp-content\/uploads\/2025\/05\/Webinar-bilde-1536x906.png 1536w, https:\/\/kraftfinans.no\/wp-content\/uploads\/2025\/05\/Webinar-bilde.png 1920w\" sizes=\"(max-width: 1024px) 100vw, 1024px\" \/><\/figure>\n\n<p><em>Till investeraren,  <\/em><br\/><br\/>I samarbete med Argentum vill Kraft Finans bjuda in befintliga aktie\u00e4gare i Kraft Private Equity 2024 AS. Argentum \u00e4r mycket n\u00f6jda med starten av 2024-fonden och de investeringar som redan har gjorts. Under webbinariet medverkade Richard Lits\u00e9n (prim\u00e4rv\u00e5rdsansvarig), Erlend Nordal (gymnasiechef), Kjell-G. Fjeldstad (chef f\u00f6r investerarrelationer) ger mer information om deras 2024-fond.     <br\/><br\/>Under och efter webbinariet kommer det att finnas m\u00f6jlighet att st\u00e4lla fr\u00e5gor till Argentum.  <br\/><br\/><strong>DATUM: <\/strong>Fredag 23 maj kl 10.00 <br\/> <\/p>\n\n<p class=\"has-text-align-center\"><em>Vi hoppas att du har m\u00f6jlighet att delta.<br\/><br\/>Du kan anm\u00e4la dig till webbinariet via registreringsknappen nedan. <\/em><br\/><br\/>H\u00e4lsningar<br\/>Kraft Finans<br\/><\/p>\n\n<div class=\"wp-block-buttons is-content-justification-center is-layout-flex wp-container-core-buttons-is-layout-a89b3969 wp-block-buttons-is-layout-flex\">\n<div class=\"wp-block-button\"><a class=\"wp-block-button__link wp-element-button\" href=\"https:\/\/events.teams.microsoft.com\/event\/4b53a9d0-bdf9-4bd9-9ef7-11d529098219@40d76304-668c-4cca-9401-698889614a4f\" target=\"_blank\" rel=\"noopener\">Anm\u00e4l dig h\u00e4r<\/a><\/div>\n<\/div>\n","protected":false},"excerpt":{"rendered":"<p>Till investeraren, I samarbete med Argentum vill Kraft Finans bjuda in befintliga aktie\u00e4gare i Kraft Private Equity 2024 AS. Argentum \u00e4r mycket n\u00f6jda med starten av 2024-fonden och de investeringar som redan har gjorts. Under webbinariet medverkade Richard Lits\u00e9n (prim\u00e4rv\u00e5rdsansvarig), Erlend Nordal (gymnasiechef), Kjell-G. Fjeldstad (chef f\u00f6r investerarrelationer) ger mer information om deras 2024-fond. Under [&hellip;]<\/p>\n","protected":false},"author":3,"featured_media":0,"parent":0,"menu_order":0,"comment_status":"closed","ping_status":"closed","template":"","meta":{"_acf_changed":false,"content-type":"","footnotes":""},"class_list":["post-59428","page","type-page","status-publish","hentry"],"acf":[],"_links":{"self":[{"href":"https:\/\/kraftfinans.no\/sv\/wp-json\/wp\/v2\/pages\/59428","targetHints":{"allow":["GET"]}}],"collection":[{"href":"https:\/\/kraftfinans.no\/sv\/wp-json\/wp\/v2\/pages"}],"about":[{"href":"https:\/\/kraftfinans.no\/sv\/wp-json\/wp\/v2\/types\/page"}],"author":[{"embeddable":true,"href":"https:\/\/kraftfinans.no\/sv\/wp-json\/wp\/v2\/users\/3"}],"replies":[{"embeddable":true,"href":"https:\/\/kraftfinans.no\/sv\/wp-json\/wp\/v2\/comments?post=59428"}],"version-history":[{"count":1,"href":"https:\/\/kraftfinans.no\/sv\/wp-json\/wp\/v2\/pages\/59428\/revisions"}],"predecessor-version":[{"id":59433,"href":"https:\/\/kraftfinans.no\/sv\/wp-json\/wp\/v2\/pages\/59428\/revisions\/59433"}],"wp:attachment":[{"href":"https:\/\/kraftfinans.no\/sv\/wp-json\/wp\/v2\/media?parent=59428"}],"curies":[{"name":"wp","href":"https:\/\/api.w.org\/{rel}","templated":true}]}}

<figure class="wp-block-image size-large"><img fetchpriority="high" decoding="async" width="1024" height="604" src="https://kraftfinans.no/wp-content/uploads/2025/05/Webinar-bilde-1024x604.png" alt="Kraft Finans -" class="wp-image-58769" srcset="https://kraftfinans.no/wp-content/uploads/2025/05/Webinar-bilde-1024x604.png 1024w, https://kraftfinans.no/wp-content/uploads/2025/05/Webinar-bilde-300x177.png 300w, https://kraftfinans.no/wp-content/uploads/2025/05/Webinar-bilde-768x453.png 768w, https://kraftfinans.no/wp-content/uploads/2025/05/Webinar-bilde-1536x906.png 1536w, https://kraftfinans.no/wp-content/uploads/2025/05/Webinar-bilde.png 1920w" sizes="(max-width: 1024px) 100vw, 1024px" /></figure>

<p><em>Till investeraren,  </em><br/><br/>I samarbete med Argentum vill Kraft Finans bjuda in befintliga aktieägare i Kraft Private Equity 2024 AS. Argentum är mycket nöjda med starten av 2024-fonden och de investeringar som redan har gjorts. Under webbinariet medverkade Richard Litsén (primärvårdsansvarig), Erlend Nordal (gymnasiechef), Kjell-G. Fjeldstad (chef för investerarrelationer) ger mer information om deras 2024-fond.     <br/><br/>Under och efter webbinariet kommer det att finnas möjlighet att ställa frågor till Argentum.  <br/><br/><strong>DATUM: </strong>Fredag 23 maj kl 10.00 <br/> </p>

<p class="has-text-align-center"><em>Vi hoppas att du har möjlighet att delta.<br/><br/>Du kan anmäla dig till webbinariet via registreringsknappen nedan. </em><br/><br/>Hälsningar<br/>Kraft Finans<br/></p>

<div class="wp-block-buttons is-content-justification-center is-layout-flex wp-container-core-buttons-is-layout-a89b3969 wp-block-buttons-is-layout-flex">
<div class="wp-block-button"><a class="wp-block-button__link wp-element-button" href="https://events.teams.microsoft.com/event/4b53a9d0-bdf9-4bd9-9ef7-11d529098219@40d76304-668c-4cca-9401-698889614a4f" target="_blank" rel="noopener">Anmäl dig här</a></div>
</div>

<p>Till investeraren, I samarbete med Argentum vill Kraft Finans bjuda in befintliga aktieägare i Kraft Private Equity 2024 AS. Argentum är mycket nöjda med starten av 2024-fonden och de investeringar som redan har gjorts. Under webbinariet medverkade Richard Litsén (primärvårdsansvarig), Erlend Nordal (gymnasiechef), Kjell-G. Fjeldstad (chef för investerarrelationer) ger mer information om deras 2024-fond. Under [&hellip;]</p>
